*p - 5. Let x(j) = -5*t(j) + 4*u(j). Give x(-12).
0
Let c(i) = -i**2 - i. Let z be c(-2). Let y(g) be the second derivative of -g - 1/3*g**3 + 0 - g**2. What is y(z)?
2
Let o(d) = -2*d**2 + 3*d - 2. Let i(w) = -2*w**2 + 4*w - 3. Let q(n) = -3*i(n) + 4*o(n). Let t be (-1 - -2)/1 - -1. Let y = 4 - t. Give q(y).
-7
Let p(z) be the first derivative of z**4/4 + z**2 + z - 2. Let a be (0 - 1)*(-2 + 3). Calculate p(a).
-2
Let z be (-84)/(-14) + (-2)/(-1). Suppose 10 = -6*t + z*t. Let j(r) = r**3 - 5*r**2 - 3*r + 6. Determine j(t).
-9
Let y(a) = -a + 10. Let b be (-1 + (2 - -2))*1. Let t(w) = -3*w + 0*w - 7 + b. Let j be t(-3). Determine y(j).
5
Let k(l) = -2*l - 2 - 7*l**2 + 9*l**3 + 1 + 5*l**2. What is k(-1)?
-10
Let d(i) be the first derivative of -3*i**2/2 + 2*i + 24. Give d(-2).
8
Let r(a) = 2*a**2 + 2*a + 3. Let x(m) = m**2 + m + 2. Let q(f) = 3*r(f) - 5*x(f). Give q(-5).
19
Let q(s) = 6*s + 17 - 2 - 9 - 5*s. What is q(-4)?
2
Let k(r) be the second derivative of -2*r - 1/2*r**3 + 0*r**2 + 0. Let s(m) = -m**3 + 11*m**2 - m + 9. Let u be s(11). Give k(u).
6
Let c(t) = -12*t**2 + 20*t**2 - 9*t**2 + 6*t. Determine c(7).
-7
Let u(z) = -7*z + 1 + 2*z**2 + 4*z**2 + 2 - z**3. Suppose -4*g + 26 = -2*a + 74, -4*a + 56 = 2*g. Let y = a - 11. What is u(y)?
-7
Let d = 16 + -15. Let g(t) = t - 1. Calculate g(d).
0
Let i(s) = s - 5. Let y(u) = u - 5. Let c(h) = -3*i(h) + 2*y(h). Let l(f) = f**3 - 18*f**2 + f - 18. Let g be l(18). Determine c(g).
5
Let m(c) = 2*c**3 + c**2 - 2*c + 1. Let l = -1 - 1. Give m(l).
-7
Let p(x) = -x**3 + 4*x**2 + 14*x - 12. Let o be p(6). Let q(g) = -3*g**2 - g**2 + g**3 + 5*g**2 - g + 12. Determine q(o).
12
Let t(g) be the first derivative of g**4/4 - 5*g**3/3 + g**2/2 - g + 4. Determine t(4).
-13
Let q(h) be the second derivative of -1/24*h**4 + 2*h - 5/2*h**2 + 0 - 1/3*h**3. Let c(n) be the first derivative of q(n). Determine c(2).
-4
Let t(w) = -w**2 + 10*w - 1. Let p(s) = 4*s - 40. Let k be p(12). Calculate t(k).
15
Let k(g) be the third derivative of 0 + 0*g - 1/3*g**4 + 1/10*g**5 - 1/120*g**6 - 5*g**2 + 7/6*g**3. Calculate k(5).
-8
Let f(h) = -h + 3. Let g(q) = -2. Let k(w) = -1. Let c(r) = 3*g(r) - 4*k(r). Let t be (-19)/(-7) - (-4)/14. Let y(l) = t*f(l) + 5*c(l). Give y(1).
-4
Let k(t) = -6*t - 11*t + t**2 - 4*t + 5 + 12*t. Determine k(6).
-13
Let o(p) = 3*p**2 - 4*p + 5. Let r(a) = 8*a**2 - 13*a + 15. Let u(h) = -11*o(h) + 4*r(h). What is u(-7)?
12
Let v(y) = y + 4. Let z be v(-4). Suppose 0*o - 3*o - 12 = z. Let h(x) be the second derivative of x**3/3 + 5*x**2/2 + 4*x. What is h(o)?
-3
Let x(o) = o**3 - 5*o**2 + 6*o - 6. Let v(n) = n. Let i be v(-6). Let b(y) = -y - 8. Let p be b(i). Let u be 10*(p/(-5) + 0). Determine x(u).
2
Suppose -7*r + 4*r + 9 = 0. Let z(p) = 4 + p**2 - 3*p**2 + p**r + 3*p**2. What is z(0)?
4
Let f = 15 - 15. Let s(t) = t**3 - t**2 + t - 15. Calculate s(f).
-15
Let o(u) = 3*u - 27. Let w be o(7). Let r(f) = -f**3 - 9*f**2 + 4*f + 10. Let z(n) = -3*n**3 - 26*n**2 + 11*n + 29. Let b(y) = 8*r(y) - 3*z(y). Give b(w).
-1
Let l be 18/5 + 6/15. Let c(a) = 4*a - 3 - a**3 + 0*a**2 - 7*a + 5*a**2. Give c(l).
1
Let r(n) = -22 - 10*n + 8*n + 26. Determine r(3).
-2
Let t(a) = 5*a**2 + 11*a**2 + 3*a**2 + 2 - 20*a**2 - a. What is t(-3)?
-4
Let m be -1 - (0 - 1 - 0). Let v(l) be the second derivative of 2*l + l**3 - 1/20*l**5 + m - 5/2*l**2 + 1/3*l**4. Determine v(5).
0
Let z(b) be the third derivative of b**7/5040 - b**6/144 + b**5/20 + b**2. Let x(c) be the third derivative of z(c). Let r be -7 + 7 - (-1 + 1). Determine x(r).
-5
Let t(q) = q + 6. Suppose 5*x = -8 + 8. Give t(x).
6
Let b(f) = 2*f**2 + 2*f + 1. Let v(j) = -j + 6. Let g be v(4). Calculate b(g).
13
Let s(r) be the second derivative of -r**7/2520 + r**6/720 + r**5/60 + r**4/4 - r. Let v(g) be the third derivative of s(g). Determine v(3).
-4
Suppose 3*q + 3*k - 4 = 2*k, 0 = -k - 5. Let h(u) = 2*u - 1. Determine h(q).
5
Suppose -24 - 6 = 5*r. Let w(n) = 8*n + 8. Let v(i) = 7*i + 7. Let h = 4 + 1. Let a(z) = h*w(z) + r*v(z). Give a(2).
-6
Suppose -8 = -4*q + 4*f, 0 = 5*q + 3*f - 2. Let n(d) = -4*d + 1. Give n(q).
-3
Suppose 2*o - 3*d - 37 = 0, -5*o + d = 47 - 146. Suppose -2*l + l = 5, -i - o = 4*l. Let y(p) = -p + i*p - p**2 + 2*p**3 - p**3. Calculate y(-1).
-1
Let b be 5 - 8 - (-5 + -1). Let c(o) = b + 2 - o - 1. What is c(0)?
4
Let o(p) = -5*p**3 - 6*p + 6*p**3 - 3*p**2 + 8 + 9*p**2 + 0*p. Give o(-7).
1
Let i be (-6)/(-8) - 8/(-32). Let t(p) = 0*p**3 - i - 3*p**2 + p**2 + 3*p**2 + p**3. Calculate t(-1).
-1
Let k(l) be the second derivative of -l**4/12 + 7*l**3/6 + 11*l**2/2 - 13*l. What is k(8)?
3
Let r(v) = 3*v + 5. Let n(q) = 9*q + 15. Let g(m) = 6*n(m) - 17*r(m). Suppose 3*i + 3 = 18. Suppose 2*h - h = -i. Calculate g(h).
-10
Let g(x) = 3*x**3 + 14*x**2 + 1. Let u(y) = y**3 + 5*y**2. Suppose n + 1 = 5. Let z(j) = n*g(j) - 11*u(j). Give z(0).
4
Let x(d) = d. Let s(w) = -4*w - 7. Let y(g) = -s(g) - 6*x(g). Determine y(5).
-3
Let p(y) = 4*y**2 + 3*y - 8. Let u(i) = 7*i**2 + 5*i - 17. Let m(d) = 5*p(d) - 3*u(d). Give m(0).
11
Suppose -3*v - 5*g = 43 - 12, -5*v - 3*g = 41. Suppose 0 = -4*d - i - 35, 4*d = 10*i - 5*i - 65. Let l = v - d. Let f(x) = 3*x - 4. Determine f(l).
5
Let h(l) = -5*l - l**3 - 6*l**2 + 24 + 22 - 50. Suppose 5*q + 9 = 3*r - 11, 5*r + q = 24. Let s = 0 - r. What is h(s)?
-4
Let x(j) be the first derivative of -j**4/4 + 3*j**3 - 7*j**2/2 - 11*j - 7. Calculate x(8).
-3
Let q(v) = v**2 - v - 1. Let l(f) be the second derivative of -f**4/4 + 5*f**3/6 + 3*f**2 + 6*f. Let s(m) = -l(m) - 4*q(m). Calculate s(-2).
-4
Suppose -3*g = 0, 2*c - 5*g = 5 - 1. Let y(p) = -2*p**c + 4*p**2 + p - p. What is y(-2)?
8
Let d be (7/(-2))/(2/4). Let b(l) = l + 2. Let r(m) = -m**3 + 3*m + 5. Let y(q) = d*b(q) + 3*r(q). Give y(-1).
2
Let n(i) = -i**3 - 2*i**2 - 4*i - 3. Let o(g) = -g**2 - 2*g - 2. Let t(p) = -3*p**2 - 6*p - 6. Let k(s) = -8*o(s) + 3*t(s). Let u be k(-2). What is n(u)?
5
Let a(m) be the third derivative of -m**5/60 + m**4/8 + m**3/6 - 2*m**2. What is a(5)?
-9
Let n(r) = -4*r. Let c be 2/(-2)*6/3. Give n(c).
8
Let q = 0 - 0. Suppose q = -m + 4 - 1. Let f(j) be the third derivative of -j**6/120 + j**5/20 + j**3/6 - 10*j**2. Determine f(m).
1
Let y(k) = k**2 + 2*k - 4. Let a be y(-3). Let b(i) be the second derivative of -1/6*i**3 - i + 0 + 0*i**2. Calculate b(a).
1
Let v(t) = 380 - 193 + t**3 - 5*t**2 - 183 - 6*t. Calculate v(6).
4
Suppose 5*j - 20 = 4*y, 5*j = 5*y + 12 + 8. Let b(s) = s**2 + 1. Let m be b(y). Let f(g) = -3 + 0 + m + g**3 + 3*g**2. Give f(-2).
2
Let g = -17 - -24. Let x(b) = b**3 - 11*b**2 + 6*b + 7. Let c(n) = -2*n**3 + 21*n**2 - 12*n - 13. Let d(r) = 3*c(r) + 5*x(r). Calculate d(g).
3
Suppose 2*q = -4*o - 12, -4*o - 6 - 30 = -4*q. Let h(m) = m**3 - 3*m**2 - 2*m. What is h(q)?
8
Let v = 43 + -38. Let p(n) = n**3 - 5*n**2 - n + 5. Calculate p(v).
0
Let j(u) be the second derivative of -u - 1/2*u**3 + 0 + 3*u**2. What is j(4)?
-6
Let a(t) = 1 - 2*t - t**3 + 0*t + t. Suppose 0 = -j + 4*j - 6. Suppose 0 = -2*m + 4, j + 2 = -4*q + 2*m. Determine a(q).
1
Let m(g) = -2*g + 2. Let k(i) = -i**2 - 11*i - 11. Let u be k(-9). What is m(u)?
-12
Let c(y) = -y**2 + 3*y + 3. Let m(x) = x**3 - 12*x**2 + 11*x + 6. Let r be m(11). Let a be 20/6*r/4. Calculate c(a).
-7
Let p(m) = 20*m**2 - 23*m + 29. Let h(i) = -7*i**2 + 8*i - 10. Let a(v) = 17*h(v) + 6*p(v). Let d be 0 + -3 - (1 - 7). What is a(d)?
7
Let b(j) = -j - 5. Let i = -16 + 12. Give b(i).
-1
Suppose -c = 3*c + 48. Let q = c - -15. Let t(a) = 5*a - 2. Determine t(q).
13
Let m(s) = 31*s - 72*s + 36*s. Let y be (4/6)/(4/6). Give m(y).
-5
Let m(b) = -b**3 - 7*b**2 - 5*b. Let t be m(-6). Let f be ((-1)/2)/(3/t). Let n(q) = -4*q**2 + q. Determine n(f).
-3
Let b(m) = 15*m**2 + 11*m + 15. Let o(f) = 4*f**2 + 3*f + 4. Let s(q) = 6*b(q) - 22*o(q). Determine s(-3).
20
Let n(u) = 10 + 0 + 5*u + u**2 - 5. What is n(-5)?
5
Let j(b) be the third derivative of -b**6/120 - 7*b**5/60 - b**4/4 - 5*b**3/6 - 9*b**2. What is j(-6)?
-5
Suppose -l - 5 = -5*u, 0 = -u + l - 2 - 1. Suppose u = n - 3*n. Let h(t) = t + 1. Determine h(n).
0
Let w(d) be the first derivative of -1 + d - d**3 + 1/4*d**4 + 2*d**2. Determine w(3).
13
Let n(q) be the second derivative of -q**3/6 - 11*q**2/2 - 52*q. Calculate n(0).
-11
